(-6))/(n/(-3)). What is the highest common factor of b and 32?
8
Let a be 42/(-24)*24*8/(-12). Calculate the highest common divisor of 21 and a.
7
Let a(w) = 81*w - 312. Let v be a(4). What is the highest common divisor of v and 188?
4
Suppose -a + 281 = f - 4*f, -f + 823 = 3*a. What is the highest common factor of a and 25?
25
Let z = 624 - 600. What is the greatest common factor of 568 and z?
8
Let i = 25 + -19. Let j be 93/i*(4 - 2). What is the greatest common divisor of 217 and j?
31
Suppose -4*m + 2*o = -238, 3*m = 3*o - 11 + 188. Let k(d) = 5*d + 63. Let g be k(0). Let j = g - 51. What is the highest common divisor of j and m?
12
Let o be (-1400)/28*18/(-4) - 4. What is the highest common divisor of o and 17?
17
Let s(a) = -a**3 + 20*a**2 - 18*a - 21. Let t be s(19). Let j be 56 - ((1 - t) + -1). Calculate the highest common divisor of 6 and j.
6
Let l = -48 - -98. Suppose -4*h = -21 - 19. Calculate the greatest common factor of l and h.
10
Let o be (-4856)/(-20) - (-4)/20. What is the highest common factor of 3 and o?
3
Let y = 6 + -16. Let r be 226/4 + (-5)/y. Suppose -r = -5*k + 4*i, 4*k - k - 42 = 5*i. Calculate the highest common factor of 9 and k.
9
Let r be 3/(7/((-154)/3)). Let m = -55 - r. Let w = -21 - m. What is the highest common divisor of 6 and w?
6
Let v = 5 - 2. Let u be -4*(-155)/20 + (3 - 1). Calculate the highest common factor of u and v.
3
Suppose -785 = -19*s - 101. Let c be (-10)/2*144/(-20). Calculate the highest common divisor of c and s.
36
Let c be ((-222)/(-20) - 32/(-64))*45. What is the greatest common factor of c and 144?
18
Let b(t) = -9*t + 32. Let z be b(-10). What is the greatest common divisor of 427 and z?
61
Suppose 2*n + 16 = 4*x, 4*x - 10 = -2*n + n. Suppose 5*l - 17 = -2*q - x, -2*l - 4*q - 4 = 0. What is the greatest common factor of l and 44?
4
Let f = 807 + -555. What is the highest common divisor of f and 63?
63
Let l be 210/(-4)*(-24)/7. Suppose 0 = 4*g - g - l. Suppose -2*s - g = -5*s. Calculate the greatest common divisor of s and 100.
20
Let h be (-252)/(-18) + 1 + 3. What is the highest common factor of 18 and h?
18
Suppose -38*y + 41*y = 45. Let w be ((-12)/y)/(2/(-80)). Calculate the greatest common divisor of w and 4.
4
Suppose -a = 11 - 46. Let g be (-6 - -2 - -2)*8. Let f = -2 - g. What is the greatest common divisor of f and a?
7
Let y(l) = -37*l - 1. Let t be y(-1). Let g(i) = 12*i**2 + 2*i - 6. Let m be g(-4). Suppose -272 = -5*x + m. What is the greatest common factor of x and t?
18
Let m = 58 - 58. Suppose 7*l - 548 + 191 = m. What is the greatest common factor of l and 17?
17
Let d(m) = 2*m + 510. Let a be d(33). What is the highest common factor of 128 and a?
64
Suppose -360 = -22*y + 4*y. What is the highest common factor of 260 and y?
20
Let r be 6/(-21) + (-37)/(-7). Let s(b) = b**2 - 2*b + 8. Let d be s(r). What is the greatest common factor of 207 and d?
23
Let f be (1*16)/(4/6). Let u(h) = h**2 - 2. Let m be u(2). Suppose -m*s + 148 = 2*z - 4*s, -4*s = 8. What is the greatest common divisor of z and f?
24
Let i(h) = h**3 + 4*h**2 - 7*h + 2. Let a = -17 - -12. Let x be i(a). Let d be (1 - 10)*2*(4 + -10). Calculate the highest common factor of d and x.
12
Let x(w) = -w**3 + 9*w**2 + 29*w - 28. Let f be x(11). Calculate the greatest common divisor of f and 21.
7
Let y be (-90)/4*8/(-20)*8. Calculate the greatest common factor of 32 and y.
8
Let p = -22 + 31. Suppose 5*k - 4*k - 37 = -w, -p = 3*k. What is the highest common factor of 10 and w?
10
Suppose 4*t = 5*c - 232, 5*c = -4*t + 146 + 102. What is the greatest common factor of c and 612?
12
Let j(s) = 2*s**2 - 15*s + 6. Let w be j(12). Let b = -74 + w. Calculate the highest common factor of 10 and b.
10
Let p be 7209/63 + (-3)/7. What is the greatest common divisor of p and 12?
6
Suppose 2*f + 1082 = 1096. What is the highest common factor of f and 847?
7
Suppose 50 = 4*y - 2*y. Suppose 8*h - 3*h - y = 0. Suppose 3*f - h = -2*f. What is the highest common divisor of f and 4?
1
Let q = 5 + -2. Suppose -3*t = q*a - 24, -2*a + 47 = 5*t - 5. Let v(p) = -44*p. Let x be v(-3). Calculate the greatest common divisor of t and x.
12
Let l = 6 + 6. Suppose 0 = 4*s + 394 - 1358. Suppose -3*t = 3*y - 177, 4*y - t = -0*t + s. What is the highest common divisor of l and y?
12
Let a be 282/(-2) - (4 - 5). Let v be ((-2)/5)/(2/a). Suppose 5*y + 4*f = 206, 0*y + 208 = 5*y + 2*f. What is the highest common divisor of v and y?
14
Let w(d) = d**3 - 7*d**2 + 4*d - 10. Let a be 2 - ((-2 - 2) + 18). Let z = -5 - a. Let p be w(z). Calculate the highest common divisor of 144 and p.
18
Let v = 641 - 449. What is the highest common divisor of v and 672?
96
Suppose 0*i = 5*y + i - 1039, y - 2*i - 199 = 0. Let k be -1 - 1 - (-25)/1. Calculate the highest common factor of k and y.
23
Suppose 4*a + 1951 = 2367. Calculate the highest common divisor of 260 and a.
52
Let o be -4 - (6420/(-105) + (-2)/(-14)). What is the greatest common factor of o and 247?
19
Suppose -4*h - b = 64, 0 = -h + 5*b - 6 - 10. Let q = -25 - h. Let z = q + 10. Calculate the highest common divisor of z and 4.
1
Let k = 114 - 109. What is the highest common divisor of 80 and k?
5
Let p(b) = -b - 1. Let j be p(-3). Let h be (j/5)/((-5)/(-225)). What is the highest common divisor of 12 and h?
6
Let f(o) = -o + 11. Suppose 2*w = l - 2*l + 10, -2*w = -10. Let k be f(l). Calculate the highest common factor of k and 121.
11
Suppose y + 129 = -3*h + 5*y, -2*y = 0. Let d = -27 - h. What is the greatest common factor of 32 and d?
16
Let t = -410 + 794. Calculate the greatest common factor of t and 24.
24
Suppose 3*v = -2*v + 70. Suppose 31 + v = f. Let w(q) = -31*q - 1. Let r be w(-1). What is the greatest common factor of f and r?
15
Let d(o) = 4*o**2 + o - 40 + 64 - 33. Let i be d(-3). Calculate the greatest common divisor of i and 36.
12
Let j = -2040 - -2140. Calculate the greatest common factor of j and 4.
4
Let q be (6/2)/((-2)/48). Let x be (q/3)/((-2)/3). Let s = -2642 + 2646. Calculate the highest common divisor of s and x.
4
Let x(d) = -7 + 2*d**2 + 9 + 2*d - 3*d + 2. Let b be x(-4). Suppose -50 = -5*g + 4*i, 3*g - 17 = -3*i + b. What is the greatest common factor of g and 14?
14
Let p = -338 - -494. What is the greatest common factor of p and 36?
12
Let i be (121 + 0 - -1) + -2. Suppose -3*c + 142 = -0*c + 2*x, 2*x + 8 = 0. Let l = c + -26. Calculate the highest common factor of l and i.
24
Let s = 1201 - 726. What is the greatest common factor of 175 and s?
25
Let y(q) = q - 35. Let u be y(2). Suppose x - 45 = -4*f, 153 = 3*x - f + 4*f. Let p = u + x. What is the highest common factor of 80 and p?
20
Let j(q) = -q**2 - 6*q. Let m be j(-6). Suppose -4*f - f = m. Suppose f = -g + 4*g - 648. What is the greatest common divisor of g and 24?
24
Suppose -3*h - 2 + 35 = 0. Let p be ((-61)/(4026/484))/((-1)/15). Calculate the greatest common divisor of h and p.
11
Let d(f) = f**2 + 2*f - 15. Let g be d(13). What is the highest common factor of 120 and g?
60
Let g(c) = 2*c**2 + 3*c - 27. Let y be g(-7). Calculate the highest common factor of y and 4.
2
Let j(q) = -q**3 + 13*q**2 - 27*q - 2. Let u be j(8). What is the highest common factor of 34 and u?
34
Let a = -10 + 36. Suppose -j + 205 = 4*w, -107 = -2*w + j - 0*j. Calculate the greatest common divisor of w and a.
26
Let r be (-287)/(-4) - (-12)/48. Let v = r + -101. Let a = v + 62. What is the highest common divisor of a and 22?
11
Let l be (14/6)/(2/24). Suppose -2*q = -7*q + 20. Let i be q/((l/(-8))/(-7)). What is the greatest common factor of 20 and i?
4
Let x(p) = p**3 + p**2 + 13*p - 7. Let n be x(4). What is the greatest common divisor of n and 75?
25
Let r be 36/(-20) - 3/15. Let y be (-4)/(r - -1) - (-175 - -14). Calculate the greatest common divisor of y and 15.
15
Suppose -2*f = -5*n + 2*f + 22, -3*n + 4*f + 18 = 0. Let q(b) = 1 + 2 + 2 - 1 - b**n. Let x be q(0). Calculate the highest common divisor of 6 and x.
2
Suppose -a = 2*a - 6. Suppose a*o = -2*o. Suppose o = 2*d - j - 25, 2*j = -2*d + 4*d - 20. What is the highest common factor of 10 and d?
5
Suppose 0 = -o - 2 - 3, -14 = -3*u + 4*o. Let m be (-2)/((-1)/(-4)*u). Let d(f) = 2*f. Let x be d(m). What is the highest common factor of 1 and x?
1
Suppose 4*j - h + 